{"id":35,"date":"2022-06-06T18:39:04","date_gmt":"2022-06-06T16:39:04","guid":{"rendered":"http:\/\/k9unit.fr\/?page_id=35"},"modified":"2022-07-07T16:04:09","modified_gmt":"2022-07-07T14:04:09","slug":"lesprit-k9-unit","status":"publish","type":"page","link":"https:\/\/k9unit.fr\/?page_id=35","title":{"rendered":"L&rsquo;esprit K9 Unit"},"content":{"rendered":"\n<div class=\"wp-block-columns alignwide is-layout-flex wp-container-core-columns-is-layout-1 wp-block-columns-is-layout-flex\">\n<div class=\"wp-block-column is-vertically-aligned-center is-layout-flow wp-block-column-is-layout-flow\" style=\"flex-basis:78%\">\n<h2 class=\"wp-block-heading\">L&rsquo;\u00e9ducation canine par K9 Unit c&rsquo;est&#8230;<\/h2>\n\n\n\n<p class=\"has-medium-font-size\">Une grande attention apport\u00e9e au <strong>bien-\u00eatre animal<\/strong>.<\/p>\n\n\n\n<p class=\"has-medium-font-size\"><strong>Un travail uniquement effectu\u00e9 en m\u00e9thode positive.<\/strong><\/p>\n\n\n\n<p class=\"has-medium-font-size\">Jeux, friandise, clicker, interaction autant de fa\u00e7on de <strong>renforcer les bons comportements<\/strong>.<\/p>\n\n\n\n<p class=\"has-medium-font-size\"><strong>Un \u00e9ducateur qui s\u2019adapte<\/strong> au rythme de votre chien, et vous transmet tout son savoir faire afin d\u2019assurer la bonne continuit\u00e9 des s\u00e9ances.<\/p>\n\n\n\n<p class=\"has-medium-font-size\">Un lien avec les <strong>v\u00e9t\u00e9rinaires<\/strong> <strong>et les<\/strong> <strong>nutritionnistes <\/strong>de la r\u00e9gion. Je<strong> <\/strong>vous propose les <strong>meilleures solutions<\/strong> <strong>concernant la sant\u00e9 de votre animal<\/strong>.<\/p>\n\n\n\n<p class=\"has-medium-font-size\">Enfin, K9unit est le seul \u00e9ducateur comportementaliste canin<strong> dans la r\u00e9gion de l\u2019Aube<\/strong> \u00e0 proposer <strong>divers sports canins<\/strong> tels que le <strong>Cani-rando, Cani-Vtt, Cani-Cross<\/strong> <strong>et activit\u00e9s aquatiques<\/strong>.<\/p>\n<\/div>\n\n\n\n<div class=\"wp-block-column is-vertically-aligned-center is-layout-flow wp-block-column-is-layout-flow\" style=\"flex-basis:22%\"><div class=\"wp-block-image\">\n<figure class=\"aligncenter is-resized\"><img loading=\"lazy\" decoding=\"async\" src=\"https:\/\/k9unit.fr\/wp-content\/uploads\/2022\/06\/k9unit-chien-assis-642x1024.jpg\" alt=\"\" class=\"wp-image-362\" width=\"413\" height=\"657\"\/><\/figure><\/div><\/div>\n<\/div>\n\n\n\n<div class=\"wp-block-buttons is-content-justification-center is-layout-flex wp-container-core-buttons-is-layout-1 wp-block-buttons-is-layout-flex\">\n<div class=\"wp-block-button\"><a class=\"wp-block-button__link\" href=\"https:\/\/k9unit.fr\/?page_id=43\">Me contacter<\/a><\/div>\n<\/div>\n\n\n\n<div style=\"height:30px\" aria-hidden=\"true\" class=\"wp-block-spacer\"><\/div>\n","protected":false},"excerpt":{"rendered":"<p>L&rsquo;\u00e9ducation canine par K9 Unit c&rsquo;est&#8230; Une grande attention apport\u00e9e au bien-\u00eatre animal. Un travail uniquement effectu\u00e9 en m\u00e9thode positive. Jeux, friandise, clicker, interaction autant de fa\u00e7on de renforcer les bons comportements. Un \u00e9ducateur qui s\u2019adapte au rythme de votre chien, et vous transmet tout son savoir faire afin d\u2019assurer la bonne continuit\u00e9 des s\u00e9ances.&hellip; <br \/> <a class=\"button small blue\" href=\"https:\/\/k9unit.fr\/?page_id=35\">Lire la suite<\/a><\/p>\n","protected":false},"author":1,"featured_media":0,"parent":0,"menu_order":0,"comment_status":"closed","ping_status":"closed","template":"","meta":{"om_disable_all_campaigns":false,"_monsterinsights_skip_tracking":false,"_monsterinsights_sitenote_active":false,"_monsterinsights_sitenote_note":"","_monsterinsights_sitenote_category":0,"footnotes":""},"class_list":["post-35","page","type-page","status-publish","hentry"],"aioseo_notices":[],"_links":{"self":[{"href":"https:\/\/k9unit.fr\/index.php?rest_route=\/wp\/v2\/pages\/35","targetHints":{"allow":["GET"]}}],"collection":[{"href":"https:\/\/k9unit.fr\/index.php?rest_route=\/wp\/v2\/pages"}],"about":[{"href":"https:\/\/k9unit.fr\/index.php?rest_route=\/wp\/v2\/types\/page"}],"author":[{"embeddable":true,"href":"https:\/\/k9unit.fr\/index.php?rest_route=\/wp\/v2\/users\/1"}],"replies":[{"embeddable":true,"href":"https:\/\/k9unit.fr\/index.php?rest_route=%2Fwp%2Fv2%2Fcomments&post=35"}],"version-history":[{"count":36,"href":"https:\/\/k9unit.fr\/index.php?rest_route=\/wp\/v2\/pages\/35\/revisions"}],"predecessor-version":[{"id":541,"href":"https:\/\/k9unit.fr\/index.php?rest_route=\/wp\/v2\/pages\/35\/revisions\/541"}],"wp:attachment":[{"href":"https:\/\/k9unit.fr\/index.php?rest_route=%2Fwp%2Fv2%2Fmedia&parent=35"}],"curies":[{"name":"wp","href":"https:\/\/api.w.org\/{rel}","templated":true}]}}